prime factors of 6248366.
2, 859, 3637
List the prime factors of 21033944.
2, 2629243
What are the prime factors of 246150?
2, 3, 5, 547
List the prime factors of 12168819.
3, 13, 37, 937
List the prime factors of 5809637.
67, 86711
What are the prime factors of 28805?
5, 7, 823
What are the prime factors of 206460?
2, 3, 5, 31, 37
List the prime factors of 6924732.
2, 3, 347, 1663
List the prime factors of 133951.
29, 31, 149
What are the prime factors of 23734539?
3, 97673
What are the prime factors of 6589473?
3, 11, 233, 857
What are the prime factors of 87341?
167, 523
What are the prime factors of 6418333?
17, 19, 31, 641
What are the prime factors of 329112?
2, 3, 7, 653
List the prime factors of 5196067.
17, 53, 73, 79
List the prime factors of 16293.
3, 5431
What are the prime factors of 1457453?
29, 1733
List the prime factors of 8897587.
53, 167879
List the prime factors of 1125185.
5, 225037
What are the prime factors of 1286659?
11, 116969
What are the prime factors of 376714?
2, 13, 14489
What are the prime factors of 342703?
17, 19, 1061
List the prime factors of 3647383.
3647383
List the prime factors of 64355.
5, 61, 211
List the prime factors of 1776646.
2, 888323
What are the prime factors of 19065515?
5, 7, 83, 6563
What are the prime factors of 749953?
37, 20269
What are the prime factors of 1343384?
2, 7, 23, 149
What are the prime factors of 474728?
2, 59341
List the prime factors of 14037738.
2, 3, 11, 13, 16361
What are the prime factors of 1214761?
89, 13649
List the prime factors of 355156.
2, 88789
List the prime factors of 11178857.
11178857
What are the prime factors of 441036?
2, 3, 12251
What are the prime factors of 401907?
3, 11, 19, 641
What are the prime factors of 469552?
2, 29347
What are the prime factors of 356334?
2, 3, 11, 5399
List the prime factors of 327178.
2, 29, 5641
List the prime factors of 3281196.
2, 3, 273433
What are the prime factors of 2155233?
3, 718411
List the prime factors of 1957618.
2, 13, 17, 43, 103
List the prime factors of 201084.
2, 3, 13, 1289
What are the prime factors of 1107400?
2, 5, 7, 113
What are the prime factors of 35557?
31, 37
What are the prime factors of 560442?
2, 3, 93407
List the prime factors of 747423.
3, 83047
List the prime factors of 1204200.
2, 3, 5, 223
What are the prime factors of 216851?
216851
What are the prime factors of 321123?
3, 11, 37, 263
List the prime factors of 1147953.
3, 23, 127, 131
List the prime factors of 260799.
3, 7, 11, 1129
List the prime factors of 1961245.
5, 11, 13, 211
List the prime factors of 827809.
827809
List the prime factors of 13401614.
2, 59, 137, 829
What are the prime factors of 13165187?
7, 1880741
What are the prime factors of 2206186?
2, 229, 4817
What are the prime factors of 553897?
553897
List the prime factors of 1118620.
2, 5, 55931
List the prime factors of 12811030.
2, 5, 17, 179, 421
What are the prime factors of 2106709?
11, 191519
What are the prime factors of 6885515?
5, 7, 13, 37, 409
What are the prime factors of 49358?
2, 23, 29, 37
What are the prime factors of 592161?
3, 17, 683
List the prime factors of 522461.
17, 73, 421
List the prime factors of 388931.
388931
List the prime factors of 3678.
2, 3, 613
List the prime factors of 3839485.
5, 13, 59069
What are the prime factors of 360667?
59, 6113
List the prime factors of 402999.
3, 134333
What are the prime factors of 36453?
3, 29, 419
What are the prime factors of 18034951?
11, 881, 1861
What are the prime factors of 82622?
2, 109, 379
List the prime factors of 21549816.
2, 3, 229, 1307
List the prime factors of 375701.
157, 2393
What are the prime factors of 290528?
2, 7, 1297
List the prime factors of 480641.
7, 17, 577
What are the prime factors of 135298?
2, 61, 1109
What are the prime factors of 133018?
2, 66509
What are the prime factors of 533289?
3, 177763
List the prime factors of 1903.
11, 173
What are the prime factors of 139936?
2, 4373
List the prime factors of 1108207.
1108207
What are the prime factors of 6092698?
2, 17, 83, 127
What are the prime factors of 4353624?
2, 3, 11, 23, 239
What are the prime factors of 660894?
2, 3, 13, 37, 229
What are the prime factors of 1670013?
3, 185557
List the prime factors of 38209444.
2, 7, 13, 104971
List the prime factors of 583922.
2, 41, 7121
List the prime factors of 4008108.
2, 3, 13, 25693
List the prime factors of 7887142.
2, 37, 53, 2011
What are the prime factors of 63120?
2, 3, 5, 263
List the prime factors of 350158.
2, 175079
List the prime factors of 40898.
2, 11, 13
What are the prime factors of 3000899?
11, 272809
List the prime factors of 459430.
2, 5, 45943
List the prime factors of 2389858.
2, 19, 61, 1031
What are the prime factors of 28779?
3, 53, 181
List the prime factors of 1456080.
2, 3, 5, 6067
List the prime factors of 623989.
623989
What are the prime factors of 412319?
19, 21701
List the prime factors of 103106.
2, 31, 1663
What are the prime factors of 3782142?
2, 3, 7, 13, 2309
List the prime factors of 86575.
5, 3463
List the prime factors of 6495176.
2, 811897
List the prime factors of 344706.
2, 3, 73, 787
List the prime factors of 562976.
2, 73, 241
List the prime factors of 1154691.
3, 17, 7547
List the prime factors of 5261039.
7, 47, 15991
List the prime factors of 216892.
2, 13, 43, 97
List the prime factors of 2703609.
3, 71, 4231
List the prime factors of 619432.
2, 11, 7039
List the prime factors of 456786.
2, 3, 11, 769
What are the prime factors of 1755385?
5, 351077
What are the prime factors of 7024921?
139, 50539
List the prime factors of 244868.
2, 13, 17, 277
List the prime factors of 4779266.
2, 2389633
List the prime factors of 234852.
2, 3, 19571
What are the prime factors of 82783?
19, 4357
What are the prime factors of 975587?
67, 14561
List the prime factors of 397974.
2, 3, 19, 3491
What are the prime factors of 8427165?
3, 5, 19, 29569
List the prime factors of 280043.
193, 1451
What are the prime factors of 206862?
2, 3, 23, 1499
What are the prime factors of 3004724?
2, 751181
What are the prime factors of 242636?
2, 60659
What are the prime factors of 5164466?
2, 19, 23, 311
What are the prime factors of 4778429?
4778429
What are the prime factors of 739763?
41, 18043
List the prime factors of 780167.
331, 2357
List the prime factors of 4644413.
23, 113, 1787
What are the prime factors of 3697421?
7, 13, 41, 991
List the prime factors of 4444.
2, 11, 101
List the prime factors of 3854.
2, 41, 47
What are the prime factors of 314760?
2, 3, 5, 43, 61
What are the prime factors of 1098542?
2, 19, 28909
What are the prime factors of 21019930?
2, 5, 23, 59, 1549
What are the prime factors of 16655269?
241, 69109
List the prime factors of 4300835.
5, 7, 11, 11171
What are the prime factors of 376760?
2, 5, 9419
What are the prime factors of 16552200?
2, 3, 5, 7, 563
List the prime factors of 24107432.
2, 379, 7951
List the prime factors of 198453.
3, 83, 797
What are the prime factors of 227762?
2, 47, 2423
What are the prime factors of 401837?
389, 1033
What are the prime factors of 192829?
7, 13, 163
List the prime factors of 69247.
69247
What are the prime factors of 5407556?
2, 7, 11, 97, 181
List the prime factors of 212258.
2, 106129
List the prime factors of 2271243.
3, 13, 58237
What are the prime factors of 4312678?
2, 2156339
List the prime factors of 232608.
2, 3, 2423
List the prime factors of 321237.
3, 7, 5099
What are the prime factors of 1949174?
2, 269, 3623
What are the prime factors of 315803?
315803
List the prime factors of 1415696.
2, 23, 3847
List the prime factors of 104976.
2, 3
What are the prime factors of 7850747?
7850747
List the prime factors of 10981221.
3, 19, 47, 4099
What are the prime factors of 5039997?
3, 19, 29, 3049
List the prime factors of 6859866.
2, 3, 13, 31, 2837
List the prime factors of 583833.
3, 71, 2741
What are the prime factors of 44444?
2, 41, 271
List the prime factors of 227187.
3, 25243
List the prime factors of 1530386.
2, 11, 13, 5351
List the prime factors of 2703422.
2, 1351711
List the prime factors of 173974.
2, 37, 2351
List the prime factors of 5684197.
23, 53, 4663
List the prime factors of 4064308.
2, 61, 16657
What are the prime factors of 537385?
5, 31, 3467
List th